{"id":631,"date":"2025-03-28T10:20:47","date_gmt":"2025-03-28T10:20:47","guid":{"rendered":"https:\/\/havteam.me\/?page_id=631"},"modified":"2026-03-29T11:35:43","modified_gmt":"2026-03-29T11:35:43","slug":"giao-dien","status":"publish","type":"page","link":"https:\/\/www.havteam.me\/?page_id=631","title":{"rendered":"Giao Di\u1ec7n"},"content":{"rendered":"\n<figure class=\"wp-block-table is-style-regular\"><table class=\"has-fixed-layout\"><tbody><tr><td><mark style=\"background-color:rgba(0, 0, 0, 0)\" class=\"has-inline-color has-ast-global-color-2-color\"><strong>Giao Di\u1ec7n<\/strong><\/mark><\/td><td><mark style=\"background-color:rgba(0, 0, 0, 0)\" class=\"has-inline-color has-ast-global-color-0-color\"><a href=\"https:\/\/www.havteam.me\/?page_id=853\" title=\"\" target=\"_blank\" rel=\"noopener\">C\u1eeda H\u00e0ng<\/a><\/mark><\/td><td><mark style=\"background-color:rgba(0, 0, 0, 0)\" class=\"has-inline-color has-ast-global-color-0-color\"><a href=\"https:\/\/www.havteam.me\/?page_id=859\" title=\"\" target=\"_blank\" rel=\"noopener\">Ch\u1ee9c N\u0103ng<\/a><\/mark><\/td><\/tr><tr><td><mark style=\"background-color:rgba(0, 0, 0, 0)\" class=\"has-inline-color has-ast-global-color-0-color\"><a href=\"https:\/\/www.havteam.me\/?page_id=638\" title=\"\" target=\"_blank\" rel=\"noopener\">H\u1ed7 Tr\u1ee3<\/a><\/mark><\/td><td><mark style=\"background-color:rgba(0, 0, 0, 0)\" class=\"has-inline-color has-ast-global-color-0-color\"><a title=\"\" href=\"https:\/\/www.havteam.me\/?page_id=650\" target=\"_blank\" rel=\"noopener\"><span class=\"notranslate\">Supercell ID<\/span><\/a><\/mark><\/td><td><mark style=\"background-color:rgba(0, 0, 0, 0)\" class=\"has-inline-color has-ast-global-color-0-color\"><a title=\"\" href=\"https:\/\/www.havteam.me\/?page_id=866\" target=\"_blank\" rel=\"noopener\"><span class=\"notranslate\">Token<\/span><\/a><\/mark><\/td><\/tr><tr><td><mark style=\"background-color:rgba(0, 0, 0, 0)\" class=\"has-inline-color has-ast-global-color-0-color\"><a href=\"https:\/\/www.havteam.me\/?page_id=840\" title=\"\" target=\"_blank\" rel=\"noopener\">Nh\u00e2n B\u1ea3n<\/a><\/mark><\/td><td><a title=\"\" href=\"https:\/\/www.havteam.me\/?page_id=202\" target=\"_blank\" rel=\"noopener\"><mark style=\"background-color:rgba(0, 0, 0, 0)\" class=\"has-inline-color has-ast-global-color-0-color\">B\u00e0n ph\u00edm<\/mark><\/a><\/td><td><mark style=\"background-color:rgba(0, 0, 0, 0)\" class=\"has-inline-color has-ast-global-color-0-color\"><a href=\"https:\/\/www.havteam.me\/?page_id=873\" title=\"\" target=\"_blank\" rel=\"noopener\">\u1ee8ng D\u1ee5ng<\/a><\/mark><\/td><\/tr><tr><td><mark style=\"background-color:rgba(0, 0, 0, 0)\" class=\"has-inline-color has-ast-global-color-0-color\"><a href=\"https:\/\/www.havteam.me\/?page_id=846\" title=\"\" target=\"_blank\" rel=\"noopener\">C\u00e0i \u0110\u1eb7t<\/a><\/mark><\/td><td><mark style=\"background-color:rgba(0, 0, 0, 0)\" class=\"has-inline-color has-ast-global-color-0-color\"><a href=\"https:\/\/www.havteam.me\/?page_id=3421\" target=\"_blank\" rel=\"noopener\">M\u1eb7c \u0111\u1ecbnh<\/a><\/mark><\/td><td><mark style=\"background-color:rgba(0, 0, 0, 0)\" class=\"has-inline-color has-ast-global-color-0-color\"><a href=\"https:\/\/www.havteam.me\/?page_id=3421\" target=\"_blank\" rel=\"noopener\"><mark style=\"background-color:rgba(0, 0, 0, 0)\" class=\"has-inline-color has-ast-global-color-0-color\"><\/mark><\/a><a title=\"\" href=\"https:\/\/www.havteam.me\/?page_id=110\" target=\"_blank\" rel=\"noopener\">\u21a9 Tr\u1edf v\u1ec1<\/a><\/mark><\/td><\/tr><\/tbody><\/table><\/figure>\n\n\n\n<div class=\"wp-block-columns is-not-stacked-on-mobile is-layout-flex wp-container-core-columns-is-layout-07b7b7eb wp-block-columns-is-layout-flex\" style=\"padding-top:0;padding-right:0;padding-bottom:0;padding-left:0\">\n<div class=\"wp-block-column is-layout-flow wp-block-column-is-layout-flow\" style=\"flex-basis:65%\">\n<h4 class=\"wp-block-heading\"><strong>Giao Di\u1ec7n<\/strong><\/h4>\n<\/div>\n\n\n\n<div class=\"wp-block-column is-layout-flow wp-block-column-is-layout-flow\" style=\"flex-basis:35%\">\n<div class=\"wp-block-buttons is-content-justification-right is-layout-flex wp-container-core-buttons-is-layout-d445cf74 wp-block-buttons-is-layout-flex\">\n<div class=\"wp-block-button is-style-outline is-style-outline--1\"><a class=\"wp-block-button__link wp-element-button\" href=\"https:\/\/www.havteam.me\/?page_id=116\" target=\"_blank\" rel=\"noopener\"><mark style=\"background-color:rgba(0, 0, 0, 0)\" class=\"has-inline-color has-ast-global-color-2-color\"><strong>Mua<\/strong><\/mark> \ud83d\udd11<\/a><\/div>\n<\/div>\n<\/div>\n<\/div>\n\n\n\n<figure class=\"wp-block-image aligncenter size-large is-resized\"><img fetchpriority=\"high\" decoding=\"async\" width=\"1024\" height=\"557\" src=\"https:\/\/www.havteam.me\/wp-content\/uploads\/2026\/01\/Screenshot_20260119_103304_Menu-90-1024x557.jpg\" alt=\"\" class=\"wp-image-4225\" style=\"aspect-ratio:1.8384436277947653;object-fit:cover;width:600px\" srcset=\"https:\/\/havteam.me\/wp-content\/uploads\/2026\/01\/Screenshot_20260119_103304_Menu-90-1024x557.jpg 1024w, https:\/\/havteam.me\/wp-content\/uploads\/2026\/01\/Screenshot_20260119_103304_Menu-90-300x163.jpg 300w, https:\/\/havteam.me\/wp-content\/uploads\/2026\/01\/Screenshot_20260119_103304_Menu-90-768x418.jpg 768w, https:\/\/havteam.me\/wp-content\/uploads\/2026\/01\/Screenshot_20260119_103304_Menu-90-600x327.jpg 600w, https:\/\/havteam.me\/wp-content\/uploads\/2026\/01\/Screenshot_20260119_103304_Menu-90.jpg 1200w\" sizes=\"(max-width: 1024px) 100vw, 1024px\" \/><\/figure>\n\n\n\n<p><strong><mark style=\"background-color:rgba(0, 0, 0, 0);color:#ff6900\" class=\"has-inline-color\">-Giao Di\u1ec7n <\/mark><\/strong>m\u1eb7c \u0111\u1ecbnh \ud83d\udc9a<br>B\u1ea3n \u0110\u00eam\ud83d\udda4 \u0110\u00eam \u0110\u00f4ng\ud83d\udc99 M\u00f9a \u0110\u00f4ng\ud83e\udd0d M\u00f9a Thu\ud83e\udde1 C\u1ecf H\u1ed3ng\ud83e\ude77 Hoa O\u1ea3i H\u01b0\u01a1ng\ud83d\udc9c C\u00e1t v\u00e0ng\ud83d\udc9b<\/p>\n\n\n\n<div class=\"wp-block-columns is-not-stacked-on-mobile is-layout-flex wp-container-core-columns-is-layout-ec2e7a44 wp-block-columns-is-layout-flex\" style=\"padding-top:0;padding-bottom:0\">\n<div class=\"wp-block-column is-layout-flow wp-block-column-is-layout-flow\">\n<figure class=\"wp-block-image aligncenter size-large\"><img decoding=\"async\" width=\"1024\" height=\"525\" src=\"https:\/\/www.havteam.me\/wp-content\/uploads\/2025\/03\/2022_12_28_20_26_IMG_1041-1-1024x525.png\" alt=\"\" class=\"wp-image-950\" srcset=\"https:\/\/havteam.me\/wp-content\/uploads\/2025\/03\/2022_12_28_20_26_IMG_1041-1-1024x525.png 1024w, https:\/\/havteam.me\/wp-content\/uploads\/2025\/03\/2022_12_28_20_26_IMG_1041-1-600x308.png 600w, https:\/\/havteam.me\/wp-content\/uploads\/2025\/03\/2022_12_28_20_26_IMG_1041-1-64x33.png 64w, https:\/\/havteam.me\/wp-content\/uploads\/2025\/03\/2022_12_28_20_26_IMG_1041-1-300x154.png 300w, https:\/\/havteam.me\/wp-content\/uploads\/2025\/03\/2022_12_28_20_26_IMG_1041-1-768x394.png 768w, https:\/\/havteam.me\/wp-content\/uploads\/2025\/03\/2022_12_28_20_26_IMG_1041-1-1536x788.png 1536w, https:\/\/havteam.me\/wp-content\/uploads\/2025\/03\/2022_12_28_20_26_IMG_1041-1.png 1889w\" sizes=\"(max-width: 1024px) 100vw, 1024px\" \/><figcaption class=\"wp-element-caption\">B\u1ea3n \u0110\u00eam\ud83d\udda4<\/figcaption><\/figure>\n<\/div>\n\n\n\n<div class=\"wp-block-column is-layout-flow wp-block-column-is-layout-flow\">\n<figure class=\"wp-block-image aligncenter size-large\"><img decoding=\"async\" width=\"1024\" height=\"522\" src=\"https:\/\/www.havteam.me\/wp-content\/uploads\/2025\/03\/320919743_704094654401994_1222878344273907408_n-1024x522.jpg\" alt=\"\" class=\"wp-image-949\" srcset=\"https:\/\/havteam.me\/wp-content\/uploads\/2025\/03\/320919743_704094654401994_1222878344273907408_n-1024x522.jpg 1024w, https:\/\/havteam.me\/wp-content\/uploads\/2025\/03\/320919743_704094654401994_1222878344273907408_n-600x306.jpg 600w, https:\/\/havteam.me\/wp-content\/uploads\/2025\/03\/320919743_704094654401994_1222878344273907408_n-64x33.jpg 64w, https:\/\/havteam.me\/wp-content\/uploads\/2025\/03\/320919743_704094654401994_1222878344273907408_n-300x153.jpg 300w, https:\/\/havteam.me\/wp-content\/uploads\/2025\/03\/320919743_704094654401994_1222878344273907408_n-768x391.jpg 768w, https:\/\/havteam.me\/wp-content\/uploads\/2025\/03\/320919743_704094654401994_1222878344273907408_n.jpg 1290w\" sizes=\"(max-width: 1024px) 100vw, 1024px\" \/><figcaption class=\"wp-element-caption\">M\u00f9a \u0110\u00f4ng\ud83e\udd0d<\/figcaption><\/figure>\n<\/div>\n<\/div>\n\n\n\n<p class=\"has-text-align-center\">Demo hi\u1ec3n th\u1ecb giao di\u1ec7n<\/p>\n\n\n\n<p><strong><mark style=\"background-color:rgba(0, 0, 0, 0);color:#ff6900\" class=\"has-inline-color\">-Hi\u1ec3n Th\u1ecb <\/mark><\/strong><br>Con th\u1ecf \ud83d\udc07 Con C\u00e1o \ud83e\udd8a C\u00e2y H\u1ed3ng \ud83e\ude77 C\u00e2y H\u1ed3ng Nh\u1ea1t \ud83e\ude77 C\u00e2y H\u1ed3ng \u0111\u1eadm\ud83e\ude77 C\u00e2y T\u00edm\ud83d\udfe3 C\u00e2y Xanh\ud83d\udd35 C\u00e2y Ph\u01b0\u1ee3ng\ud83d\udd34 C\u00e2y \u0110\u1ecf\ud83d\udd34<\/p>\n\n\n\n<div class=\"wp-block-columns is-not-stacked-on-mobile is-layout-flex wp-container-core-columns-is-layout-ec2e7a44 wp-block-columns-is-layout-flex\" style=\"padding-top:0;padding-bottom:0\">\n<div class=\"wp-block-column is-layout-flow wp-block-column-is-layout-flow\">\n<figure class=\"wp-block-image aligncenter size-large\"><img loading=\"lazy\" decoding=\"async\" width=\"1024\" height=\"820\" src=\"https:\/\/www.havteam.me\/wp-content\/uploads\/2025\/03\/z6459123059935_2cfd2ec291fcb51b25c247eb482a7e5b-1024x820.jpg\" alt=\"\" class=\"wp-image-1070\" srcset=\"https:\/\/havteam.me\/wp-content\/uploads\/2025\/03\/z6459123059935_2cfd2ec291fcb51b25c247eb482a7e5b-1024x820.jpg 1024w, https:\/\/havteam.me\/wp-content\/uploads\/2025\/03\/z6459123059935_2cfd2ec291fcb51b25c247eb482a7e5b-600x480.jpg 600w, https:\/\/havteam.me\/wp-content\/uploads\/2025\/03\/z6459123059935_2cfd2ec291fcb51b25c247eb482a7e5b-64x51.jpg 64w, https:\/\/havteam.me\/wp-content\/uploads\/2025\/03\/z6459123059935_2cfd2ec291fcb51b25c247eb482a7e5b-300x240.jpg 300w, https:\/\/havteam.me\/wp-content\/uploads\/2025\/03\/z6459123059935_2cfd2ec291fcb51b25c247eb482a7e5b-768x615.jpg 768w, https:\/\/havteam.me\/wp-content\/uploads\/2025\/03\/z6459123059935_2cfd2ec291fcb51b25c247eb482a7e5b-1536x1230.jpg 1536w, https:\/\/havteam.me\/wp-content\/uploads\/2025\/03\/z6459123059935_2cfd2ec291fcb51b25c247eb482a7e5b-2048x1640.jpg 2048w\" sizes=\"(max-width: 1024px) 100vw, 1024px\" \/><figcaption class=\"wp-element-caption\">M\u1eb7c \u0111\u1ecbnh<\/figcaption><\/figure>\n<\/div>\n\n\n\n<div class=\"wp-block-column is-layout-flow wp-block-column-is-layout-flow\">\n<figure class=\"wp-block-image aligncenter size-large\"><img loading=\"lazy\" decoding=\"async\" width=\"1024\" height=\"820\" src=\"https:\/\/www.havteam.me\/wp-content\/uploads\/2025\/03\/z6459123068829_4ed04fd86d60262ecf4bc0269e96bd8b-1024x820.jpg\" alt=\"\" class=\"wp-image-1071\" srcset=\"https:\/\/havteam.me\/wp-content\/uploads\/2025\/03\/z6459123068829_4ed04fd86d60262ecf4bc0269e96bd8b-1024x820.jpg 1024w, https:\/\/havteam.me\/wp-content\/uploads\/2025\/03\/z6459123068829_4ed04fd86d60262ecf4bc0269e96bd8b-600x480.jpg 600w, https:\/\/havteam.me\/wp-content\/uploads\/2025\/03\/z6459123068829_4ed04fd86d60262ecf4bc0269e96bd8b-64x51.jpg 64w, https:\/\/havteam.me\/wp-content\/uploads\/2025\/03\/z6459123068829_4ed04fd86d60262ecf4bc0269e96bd8b-300x240.jpg 300w, https:\/\/havteam.me\/wp-content\/uploads\/2025\/03\/z6459123068829_4ed04fd86d60262ecf4bc0269e96bd8b-768x615.jpg 768w, https:\/\/havteam.me\/wp-content\/uploads\/2025\/03\/z6459123068829_4ed04fd86d60262ecf4bc0269e96bd8b-1536x1230.jpg 1536w, https:\/\/havteam.me\/wp-content\/uploads\/2025\/03\/z6459123068829_4ed04fd86d60262ecf4bc0269e96bd8b-2048x1640.jpg 2048w\" sizes=\"(max-width: 1024px) 100vw, 1024px\" \/><figcaption class=\"wp-element-caption\">Ch\u1ecdn Con Th\u1ecf<\/figcaption><\/figure>\n<\/div>\n<\/div>\n\n\n\n<p class=\"has-text-align-center\">Demo hi\u1ec3n th\u1ecb c\u00e1c Con l\u1eeba , M\u00e1y th\u1ee9c \u0103n , C\u00e2y c\u1ed1i g\u1ea1ch th\u00e0nh h\u00ecnh d\u00e1ng kh\u00e1c khi ch\u1ecdn \ud83d\udc07  (\u1ea2o)<\/p>\n\n\n\n<p><strong><mark style=\"background-color:rgba(0, 0, 0, 0);color:#ff6900\" class=\"has-inline-color\">-Lo\u1ea1i Hi\u1ec7u \u1ee9ng<\/mark><\/strong> (in Game)<br>Tuy\u1ebft R\u01a1i \u2744\ufe0f  Kim Tuy\u1ebfn \ud83c\udf8a<\/p>\n\n\n\n<p><strong><mark style=\"background-color:rgba(0, 0, 0, 0);color:#ff6900\" class=\"has-inline-color\">-S\u1ed1 l\u01b0\u1ee3ng r\u01a1i<\/mark><\/strong><br>C\u00f3 th\u1ec3 ch\u1ec9nh t\u1ec9 l\u1ec7 r\u01a1i c\u1ee7a lo\u1ea1i hi\u1ec7u \u1ee9ng (in Game)<br>Tuy\u1ebft R\u01a1i\u2744\ufe0f Kim Tuy\u1ebfn \ud83c\udf8a<\/p>\n\n\n\n<p><strong><mark style=\"background-color:rgba(0, 0, 0, 0);color:#ff6900\" class=\"has-inline-color\">-Hi\u1ec7u \u1ee9ng<\/mark><\/strong> (Th\u00eam)<br>M\u01b0a r\u01a1i\ud83d\udca7 Hoa \u0111\u00e0o\ud83c\udf38 Hoa V\u00e0ng\ud83c\udff5\ufe0f L\u00e1 Phong\ud83c\udf41 B\u00f4ng tuy\u1ebft\u2744\ufe0f Ph\u00e1o hoa \ud83c\udf89 Tr\u00e1i tim \ud83e\ude77<\/p>\n\n\n\n<p><\/p>\n","protected":false},"excerpt":{"rendered":"<p>Giao Di\u1ec7n C\u1eeda H\u00e0ng Ch\u1ee9c N\u0103ng H\u1ed7 Tr\u1ee3 Supercell ID Token Nh\u00e2n B\u1ea3n B\u00e0n ph\u00edm \u1ee8ng D\u1ee5ng C\u00e0i \u0110\u1eb7t M\u1eb7c [&hellip;]<\/p>\n","protected":false},"author":1,"featured_media":0,"parent":0,"menu_order":0,"comment_status":"closed","ping_status":"closed","template":"","meta":{"site-sidebar-layout":"default","site-content-layout":"","ast-site-content-layout":"","site-content-style":"default","site-sidebar-style":"default","ast-global-header-display":"","ast-banner-title-visibility":"","ast-main-header-display":"","ast-hfb-above-header-display":"","ast-hfb-below-header-display":"","ast-hfb-mobile-header-display":"","site-post-title":"disabled","ast-breadcrumbs-content":"","ast-featured-img":"","footer-sml-layout":"","ast-disable-related-posts":"","theme-transparent-header-meta":"","adv-header-id-meta":"","stick-header-meta":"","header-above-stick-meta":"","header-main-stick-meta":"","header-below-stick-meta":"","astra-migrate-meta-layouts":"default","ast-page-background-enabled":"default","ast-page-background-meta":{"desktop":{"background-color":"var(--ast-global-color-5)","background-image":"","background-repeat":"repeat","background-position":"center center","background-size":"auto","background-attachment":"scroll","background-type":"","background-media":"","overlay-type":"","overlay-color":"","overlay-opacity":"","overlay-gradient":""},"tablet":{"background-color":"","background-image":"","background-repeat":"repeat","background-position":"center center","background-size":"auto","background-attachment":"scroll","background-type":"","background-media":"","overlay-type":"","overlay-color":"","overlay-opacity":"","overlay-gradient":""},"mobile":{"background-color":"","background-image":"","background-repeat":"repeat","background-position":"center center","background-size":"auto","background-attachment":"scroll","background-type":"","background-media":"","overlay-type":"","overlay-color":"","overlay-opacity":"","overlay-gradient":""}},"ast-content-background-meta":{"desktop":{"background-color":"var(--ast-global-color-4)","background-image":"","background-repeat":"repeat","background-position":"center center","background-size":"auto","background-attachment":"scroll","background-type":"","background-media":"","overlay-type":"","overlay-color":"","overlay-opacity":"","overlay-gradient":""},"tablet":{"background-color":"var(--ast-global-color-4)","background-image":"","background-repeat":"repeat","background-position":"center center","background-size":"auto","background-attachment":"scroll","background-type":"","background-media":"","overlay-type":"","overlay-color":"","overlay-opacity":"","overlay-gradient":""},"mobile":{"background-color":"var(--ast-global-color-4)","background-image":"","background-repeat":"repeat","background-position":"center center","background-size":"auto","background-attachment":"scroll","background-type":"","background-media":"","overlay-type":"","overlay-color":"","overlay-opacity":"","overlay-gradient":""}},"footnotes":""},"class_list":["post-631","page","type-page","status-publish","hentry"],"_links":{"self":[{"href":"https:\/\/www.havteam.me\/index.php?rest_route=\/wp\/v2\/pages\/631","targetHints":{"allow":["GET"]}}],"collection":[{"href":"https:\/\/www.havteam.me\/index.php?rest_route=\/wp\/v2\/pages"}],"about":[{"href":"https:\/\/www.havteam.me\/index.php?rest_route=\/wp\/v2\/types\/page"}],"author":[{"embeddable":true,"href":"https:\/\/www.havteam.me\/index.php?rest_route=\/wp\/v2\/users\/1"}],"replies":[{"embeddable":true,"href":"https:\/\/www.havteam.me\/index.php?rest_route=%2Fwp%2Fv2%2Fcomments&post=631"}],"version-history":[{"count":34,"href":"https:\/\/www.havteam.me\/index.php?rest_route=\/wp\/v2\/pages\/631\/revisions"}],"predecessor-version":[{"id":5525,"href":"https:\/\/www.havteam.me\/index.php?rest_route=\/wp\/v2\/pages\/631\/revisions\/5525"}],"wp:attachment":[{"href":"https:\/\/www.havteam.me\/index.php?rest_route=%2Fwp%2Fv2%2Fmedia&parent=631"}],"curies":[{"name":"wp","href":"https:\/\/api.w.org\/{rel}","templated":true}]}}