{"id":5759,"date":"2026-04-13T05:56:07","date_gmt":"2026-04-13T05:56:07","guid":{"rendered":"https:\/\/havteam.me\/?page_id=5759"},"modified":"2026-04-13T05:59:47","modified_gmt":"2026-04-13T05:59:47","slug":"cap-nhat-fox","status":"publish","type":"page","link":"https:\/\/www.havteam.me\/?page_id=5759","title":{"rendered":"C\u1eadp nh\u1eadt FOX"},"content":{"rendered":"\n<h4 class=\"wp-block-heading\"><mark style=\"background-color:rgba(0, 0, 0, 0);color:#ff6900\" class=\"has-inline-color\">C\u00e1ch 1 :<\/mark><\/h4>\n\n\n\n<p>C\u1eadp nh\u1eadt t\u1eeb Popup Th\u00f4ng b\u00e1o tr\u00ean FOX.<br>N\u1ebfu v\u1eabn hi\u1ec7n th\u00f4ng b\u00e1o vui l\u00f2ng th\u1ef1c hi\u1ec7n c\u00e1ch 2<\/p>\n\n\n\n<h4 class=\"wp-block-heading\"><mark style=\"background-color:rgba(0, 0, 0, 0);color:#ff6900\" class=\"has-inline-color\">C\u00e1ch 2 :<\/mark><\/h4>\n\n\n\n<p>B1 : G\u1edf c\u00e0i \u0111\u1eb7t b\u1ea3n FOX hi\u1ec7n t\u1ea1i ra kh\u1ecfi thi\u1ebft b\u1ecb<br>B2 : T\u1ea3i b\u1ea3n FOX apk m\u1edbi nh\u1ea5t <strong><a href=\"https:\/\/www.havteam.me\/?page_id=3950\" target=\"_blank\" rel=\"noopener\">T\u1ea1i \u0111\u00e2y<\/a><\/strong><br>B3 : C\u00e0i \u0111\u1eb7t b\u1ea3n m\u1edbi nh\u1ea5t v\u1eeba t\u1ea3i v\u1ec1 \u1edf B2<\/p>\n\n\n\n<p><\/p>\n","protected":false},"excerpt":{"rendered":"<p>C\u00e1ch 1 : C\u1eadp nh\u1eadt t\u1eeb Popup Th\u00f4ng b\u00e1o tr\u00ean FOX.N\u1ebfu v\u1eabn hi\u1ec7n th\u00f4ng b\u00e1o vui l\u00f2ng th\u1ef1c hi\u1ec7n c\u00e1ch [&hellip;]<\/p>\n","protected":false},"author":1,"featured_media":0,"parent":0,"menu_order":0,"comment_status":"closed","ping_status":"closed","template":"","meta":{"site-sidebar-layout":"default","site-content-layout":"","ast-site-content-layout":"default","site-content-style":"default","site-sidebar-style":"default","ast-global-header-display":"","ast-banner-title-visibility":"","ast-main-header-display":"","ast-hfb-above-header-display":"","ast-hfb-below-header-display":"","ast-hfb-mobile-header-display":"","site-post-title":"","ast-breadcrumbs-content":"","ast-featured-img":"","footer-sml-layout":"","ast-disable-related-posts":"","theme-transparent-header-meta":"","adv-header-id-meta":"","stick-header-meta":"","header-above-stick-meta":"","header-main-stick-meta":"","header-below-stick-meta":"","astra-migrate-meta-layouts":"default","ast-page-background-enabled":"default","ast-page-background-meta":{"desktop":{"background-color":"var(--ast-global-color-5)","background-image":"","background-repeat":"repeat","background-position":"center center","background-size":"auto","background-attachment":"scroll","background-type":"","background-media":"","overlay-type":"","overlay-color":"","overlay-opacity":"","overlay-gradient":""},"tablet":{"background-color":"","background-image":"","background-repeat":"repeat","background-position":"center center","background-size":"auto","background-attachment":"scroll","background-type":"","background-media":"","overlay-type":"","overlay-color":"","overlay-opacity":"","overlay-gradient":""},"mobile":{"background-color":"","background-image":"","background-repeat":"repeat","background-position":"center center","background-size":"auto","background-attachment":"scroll","background-type":"","background-media":"","overlay-type":"","overlay-color":"","overlay-opacity":"","overlay-gradient":""}},"ast-content-background-meta":{"desktop":{"background-color":"var(--ast-global-color-4)","background-image":"","background-repeat":"repeat","background-position":"center center","background-size":"auto","background-attachment":"scroll","background-type":"","background-media":"","overlay-type":"","overlay-color":"","overlay-opacity":"","overlay-gradient":""},"tablet":{"background-color":"var(--ast-global-color-4)","background-image":"","background-repeat":"repeat","background-position":"center center","background-size":"auto","background-attachment":"scroll","background-type":"","background-media":"","overlay-type":"","overlay-color":"","overlay-opacity":"","overlay-gradient":""},"mobile":{"background-color":"var(--ast-global-color-4)","background-image":"","background-repeat":"repeat","background-position":"center center","background-size":"auto","background-attachment":"scroll","background-type":"","background-media":"","overlay-type":"","overlay-color":"","overlay-opacity":"","overlay-gradient":""}},"footnotes":""},"class_list":["post-5759","page","type-page","status-publish","hentry"],"_links":{"self":[{"href":"https:\/\/www.havteam.me\/index.php?rest_route=\/wp\/v2\/pages\/5759","targetHints":{"allow":["GET"]}}],"collection":[{"href":"https:\/\/www.havteam.me\/index.php?rest_route=\/wp\/v2\/pages"}],"about":[{"href":"https:\/\/www.havteam.me\/index.php?rest_route=\/wp\/v2\/types\/page"}],"author":[{"embeddable":true,"href":"https:\/\/www.havteam.me\/index.php?rest_route=\/wp\/v2\/users\/1"}],"replies":[{"embeddable":true,"href":"https:\/\/www.havteam.me\/index.php?rest_route=%2Fwp%2Fv2%2Fcomments&post=5759"}],"version-history":[{"count":2,"href":"https:\/\/www.havteam.me\/index.php?rest_route=\/wp\/v2\/pages\/5759\/revisions"}],"predecessor-version":[{"id":5762,"href":"https:\/\/www.havteam.me\/index.php?rest_route=\/wp\/v2\/pages\/5759\/revisions\/5762"}],"wp:attachment":[{"href":"https:\/\/www.havteam.me\/index.php?rest_route=%2Fwp%2Fv2%2Fmedia&parent=5759"}],"curies":[{"name":"wp","href":"https:\/\/api.w.org\/{rel}","templated":true}]}}