{"id":529,"date":"2025-03-28T04:19:02","date_gmt":"2025-03-28T04:19:02","guid":{"rendered":"https:\/\/havteam.me\/?page_id=529"},"modified":"2026-04-23T06:20:56","modified_gmt":"2026-04-23T06:20:56","slug":"ios-license","status":"publish","type":"page","link":"https:\/\/www.havteam.me\/?page_id=529","title":{"rendered":"iOs License"},"content":{"rendered":"\n<div class=\"wp-block-columns is-not-stacked-on-mobile is-layout-flex wp-container-core-columns-is-layout-a5331a9e wp-block-columns-is-layout-flex\" style=\"padding-top:0;padding-right:0;padding-bottom:0;padding-left:0\">\n<div class=\"wp-block-column is-layout-flow wp-block-column-is-layout-flow\" style=\"flex-basis:30%\">\n<h4 class=\"wp-block-heading\"><strong>License <\/strong><\/h4>\n<\/div>\n\n\n\n<div class=\"wp-block-column is-layout-flow wp-block-column-is-layout-flow\" style=\"flex-basis:70%\">\n<div class=\"wp-block-buttons is-content-justification-right is-layout-flex wp-container-core-buttons-is-layout-d445cf74 wp-block-buttons-is-layout-flex\">\n<div class=\"wp-block-button is-style-outline is-style-outline--1\"><a class=\"wp-block-button__link has-small-font-size has-custom-font-size wp-element-button\" href=\"https:\/\/www.havteam.me\/?page_id=2974\" target=\"_blank\" rel=\"noopener\"><mark style=\"background-color:rgba(0, 0, 0, 0)\" class=\"has-inline-color has-ast-global-color-2-color\">Gi\u00e1<\/mark><\/a><\/div>\n\n\n\n<div class=\"wp-block-button is-style-outline is-style-outline--2\"><a class=\"wp-block-button__link has-small-font-size has-custom-font-size wp-element-button\" href=\"https:\/\/www.havteam.me\/?page_id=1882\" target=\"_blank\" rel=\"noopener\"><mark style=\"background-color:rgba(0, 0, 0, 0)\" class=\"has-inline-color has-ast-global-color-2-color\">\u0110\u0103ng k\u00fd<\/mark><\/a><\/div>\n<\/div>\n<\/div>\n<\/div>\n\n\n\n<figure class=\"wp-block-image aligncenter size-full is-resized\"><a href=\"http:\/\/HAVstore.xyz\" target=\"_blank\" rel=\" noreferrer noopener\"><img fetchpriority=\"high\" decoding=\"async\" width=\"1024\" height=\"215\" src=\"https:\/\/www.havteam.me\/wp-content\/uploads\/2025\/04\/store-1-1024x215-1.png\" alt=\"\" class=\"wp-image-1912\" style=\"aspect-ratio:4.763064176175594;width:624px;height:auto\" srcset=\"https:\/\/havteam.me\/wp-content\/uploads\/2025\/04\/store-1-1024x215-1.png 1024w, https:\/\/havteam.me\/wp-content\/uploads\/2025\/04\/store-1-1024x215-1-600x126.png 600w, https:\/\/havteam.me\/wp-content\/uploads\/2025\/04\/store-1-1024x215-1-64x13.png 64w, https:\/\/havteam.me\/wp-content\/uploads\/2025\/04\/store-1-1024x215-1-300x63.png 300w, https:\/\/havteam.me\/wp-content\/uploads\/2025\/04\/store-1-1024x215-1-768x161.png 768w\" sizes=\"(max-width: 1024px) 100vw, 1024px\" \/><\/a><\/figure>\n\n\n\n<ul class=\"wp-block-list\">\n<li><strong>HAV Store<\/strong> l\u00e0 kho \u1ee9ng d\u1ee5ng Ph\u1ea7n m\u1ec1m v\u00e0 Game Hack , Cheat , &#8230;<\/li>\n\n\n\n<li>C\u00f3 th\u1ec3 <strong>T\u1ea3i<\/strong> v\u00e0 s\u1eed d\u1ee5ng <strong><mark style=\"background-color:rgba(0, 0, 0, 0);color:#ff6900\" class=\"has-inline-color\">T\u1ea4T C\u1ea2<\/mark><\/strong> c\u00e1c <strong><mark style=\"background-color:rgba(0, 0, 0, 0);color:#ff6900\" class=\"has-inline-color\">\u1ee8ng d\u1ee5ng, Game<\/mark><\/strong> trong <strong><mark style=\"background-color:rgba(0, 0, 0, 0);color:#ff6900\" class=\"has-inline-color\">Store<\/mark><\/strong><\/li>\n\n\n\n<li>Sign c\u00e1c \u1ee9ng d\u1ee5ng, game t\u1eeb ngu\u1ed3n kh\u00e1c (\u0110ang c\u1eadp nh\u1eadt)<\/li>\n<\/ul>\n\n\n\n<p class=\"has-text-align-center\"><strong>Truy c\u1eadp v\u00e0o Store tham kh\u1ea3o, t\u00ecm ki\u1ebfm Game \u1ee8ng d\u1ee5ng b\u1ea1n c\u1ea7n <\/strong>\ud83d\udc47<\/p>\n\n\n\n<figure class=\"wp-block-image aligncenter size-full\"><a href=\"http:\/\/HAVstore.xyz\" target=\"_blank\" rel=\"noopener\"><img decoding=\"async\" width=\"170\" height=\"75\" src=\"https:\/\/www.havteam.me\/wp-content\/uploads\/2026\/04\/St.png\" alt=\"\" class=\"wp-image-5772\"\/><\/a><\/figure>\n\n\n\n<div class=\"wp-block-columns is-layout-flex wp-container-core-columns-is-layout-a5331a9e wp-block-columns-is-layout-flex\" style=\"padding-top:0;padding-right:0;padding-bottom:0;padding-left:0\">\n<div class=\"wp-block-column is-layout-flow wp-block-column-is-layout-flow\">\n<figure class=\"wp-block-image aligncenter size-full is-resized\"><img decoding=\"async\" width=\"828\" height=\"338\" src=\"https:\/\/www.havteam.me\/wp-content\/uploads\/2026\/04\/IMG_7666.jpg\" alt=\"\" class=\"wp-image-5879\" style=\"aspect-ratio:2.4498007656848193;width:363px;height:auto\" srcset=\"https:\/\/havteam.me\/wp-content\/uploads\/2026\/04\/IMG_7666.jpg 828w, https:\/\/havteam.me\/wp-content\/uploads\/2026\/04\/IMG_7666-300x122.jpg 300w, https:\/\/havteam.me\/wp-content\/uploads\/2026\/04\/IMG_7666-768x314.jpg 768w, https:\/\/havteam.me\/wp-content\/uploads\/2026\/04\/IMG_7666-600x245.jpg 600w\" sizes=\"(max-width: 828px) 100vw, 828px\" \/><figcaption class=\"wp-element-caption\">Hay Day Mod<\/figcaption><\/figure>\n<\/div>\n\n\n\n<div class=\"wp-block-column is-layout-flow wp-block-column-is-layout-flow\">\n<figure class=\"wp-block-image aligncenter size-full is-resized\"><img loading=\"lazy\" decoding=\"async\" width=\"800\" height=\"450\" src=\"https:\/\/www.havteam.me\/wp-content\/uploads\/2025\/04\/lien-quan-daubai_1280x720-800-resize.jpg\" alt=\"\" class=\"wp-image-1871\" style=\"width:auto;height:200px\" srcset=\"https:\/\/havteam.me\/wp-content\/uploads\/2025\/04\/lien-quan-daubai_1280x720-800-resize.jpg 800w, https:\/\/havteam.me\/wp-content\/uploads\/2025\/04\/lien-quan-daubai_1280x720-800-resize-600x338.jpg 600w, https:\/\/havteam.me\/wp-content\/uploads\/2025\/04\/lien-quan-daubai_1280x720-800-resize-64x36.jpg 64w, https:\/\/havteam.me\/wp-content\/uploads\/2025\/04\/lien-quan-daubai_1280x720-800-resize-300x169.jpg 300w, https:\/\/havteam.me\/wp-content\/uploads\/2025\/04\/lien-quan-daubai_1280x720-800-resize-768x432.jpg 768w\" sizes=\"(max-width: 800px) 100vw, 800px\" \/><figcaption class=\"wp-element-caption\">Li\u00ean qu\u00e2n Mobile<\/figcaption><\/figure>\n<\/div>\n<\/div>\n\n\n\n<div class=\"wp-block-columns is-layout-flex wp-container-core-columns-is-layout-a5331a9e wp-block-columns-is-layout-flex\" style=\"padding-top:0;padding-right:0;padding-bottom:0;padding-left:0\">\n<div class=\"wp-block-column is-layout-flow wp-block-column-is-layout-flow\">\n<figure class=\"wp-block-image aligncenter size-full is-resized\"><img loading=\"lazy\" decoding=\"async\" width=\"800\" height=\"450\" src=\"https:\/\/www.havteam.me\/wp-content\/uploads\/2025\/04\/you.png\" alt=\"\" class=\"wp-image-1900\" style=\"width:auto;height:200px\" srcset=\"https:\/\/havteam.me\/wp-content\/uploads\/2025\/04\/you.png 800w, https:\/\/havteam.me\/wp-content\/uploads\/2025\/04\/you-600x338.png 600w, https:\/\/havteam.me\/wp-content\/uploads\/2025\/04\/you-64x36.png 64w, https:\/\/havteam.me\/wp-content\/uploads\/2025\/04\/you-300x169.png 300w, https:\/\/havteam.me\/wp-content\/uploads\/2025\/04\/you-768x432.png 768w\" sizes=\"(max-width: 800px) 100vw, 800px\" \/><figcaption class=\"wp-element-caption\">Youtube Premium<\/figcaption><\/figure>\n<\/div>\n\n\n\n<div class=\"wp-block-column is-layout-flow wp-block-column-is-layout-flow\">\n<figure class=\"wp-block-image aligncenter size-full is-resized\"><img loading=\"lazy\" decoding=\"async\" width=\"800\" height=\"450\" src=\"https:\/\/www.havteam.me\/wp-content\/uploads\/2025\/04\/Picsart-ai-23.jpg\" alt=\"\" class=\"wp-image-1901\" style=\"width:auto;height:200px\" srcset=\"https:\/\/havteam.me\/wp-content\/uploads\/2025\/04\/Picsart-ai-23.jpg 800w, https:\/\/havteam.me\/wp-content\/uploads\/2025\/04\/Picsart-ai-23-600x338.jpg 600w, https:\/\/havteam.me\/wp-content\/uploads\/2025\/04\/Picsart-ai-23-64x36.jpg 64w, https:\/\/havteam.me\/wp-content\/uploads\/2025\/04\/Picsart-ai-23-300x169.jpg 300w, https:\/\/havteam.me\/wp-content\/uploads\/2025\/04\/Picsart-ai-23-768x432.jpg 768w\" sizes=\"(max-width: 800px) 100vw, 800px\" \/><figcaption class=\"wp-element-caption\">and More&#8230;<\/figcaption><\/figure>\n<\/div>\n<\/div>\n\n\n\n<p>-Store t\u1ed5ng h\u1ee3p t\u1eeb nhi\u1ec1u ngu\u1ed3n n\u00ean c\u00f3 Update c\u1ea7n th\u1eddi gian \u0111\u1ec3 c\u1eadp nh\u1eadt<br>&#8211;<strong><mark style=\"background-color:rgba(0, 0, 0, 0);color:#ff6900\" class=\"has-inline-color\">License iOs<\/mark><\/strong> kh\u00f4ng th\u1ec3 chuy\u1ec3n \u0111\u1ed5i sang m\u00e1y kh\u00e1c<br>-Kh\u00f4ng giao <strong><mark style=\"background-color:rgba(0, 0, 0, 0);color:#ff6900\" class=\"has-inline-color\">ch\u1ee9ng ch\u1ec9<\/mark><\/strong> (CC), n\u00f3 t\u00edch h\u1ee3p s\u1eb3n tr\u00ean Server c\u1ee7a Store<br>-Kh\u00f4ng ho\u00e0n ti\u1ec1n khi \u0111\u00e3 \u0111\u0103ng k\u00fd ho\u1eb7c g\u1eedi m\u00e3 <strong><mark style=\"background-color:rgba(0, 0, 0, 0);color:#ff6900\" class=\"has-inline-color\">UDID<\/mark><\/strong> sai<br>-Kh\u00f4ng b\u00e1n <strong><mark style=\"background-color:rgba(0, 0, 0, 0);color:#ff6900\" class=\"has-inline-color\">File iPa <\/mark><\/strong><br>-Kh\u00f4ng ch\u1ecbu tr\u00e1ch nhi\u1ec7m t\u00e0i kho\u1ea3n game, hay \u1ee9ng d\u1ee5ng b\u1ecb kh\u00f3a<br>-Kh\u00f4ng ho\u00e0n ti\u1ec1n khi m\u1ed9t \u1ee9ng d\u1ee5ng, hay game n\u00e0o ch\u01b0a c\u00f3 b\u1ea3n C\u1eadp nh\u1eadt m\u1edbi<\/p>\n\n\n\n<p><\/p>\n","protected":false},"excerpt":{"rendered":"<p>License Truy c\u1eadp v\u00e0o Store tham kh\u1ea3o, t\u00ecm ki\u1ebfm Game \u1ee8ng d\u1ee5ng b\u1ea1n c\u1ea7n \ud83d\udc47 -Store t\u1ed5ng h\u1ee3p t\u1eeb nhi\u1ec1u [&hellip;]<\/p>\n","protected":false},"author":1,"featured_media":0,"parent":0,"menu_order":0,"comment_status":"closed","ping_status":"closed","template":"","meta":{"site-sidebar-layout":"default","site-content-layout":"","ast-site-content-layout":"","site-content-style":"default","site-sidebar-style":"default","ast-global-header-display":"","ast-banner-title-visibility":"","ast-main-header-display":"","ast-hfb-above-header-display":"","ast-hfb-below-header-display":"","ast-hfb-mobile-header-display":"","site-post-title":"disabled","ast-breadcrumbs-content":"","ast-featured-img":"","footer-sml-layout":"","ast-disable-related-posts":"","theme-transparent-header-meta":"","adv-header-id-meta":"","stick-header-meta":"","header-above-stick-meta":"","header-main-stick-meta":"","header-below-stick-meta":"","astra-migrate-meta-layouts":"default","ast-page-background-enabled":"default","ast-page-background-meta":{"desktop":{"background-color":"var(--ast-global-color-5)","background-image":"","background-repeat":"repeat","background-position":"center center","background-size":"auto","background-attachment":"scroll","background-type":"","background-media":"","overlay-type":"","overlay-color":"","overlay-opacity":"","overlay-gradient":""},"tablet":{"background-color":"","background-image":"","background-repeat":"repeat","background-position":"center center","background-size":"auto","background-attachment":"scroll","background-type":"","background-media":"","overlay-type":"","overlay-color":"","overlay-opacity":"","overlay-gradient":""},"mobile":{"background-color":"","background-image":"","background-repeat":"repeat","background-position":"center center","background-size":"auto","background-attachment":"scroll","background-type":"","background-media":"","overlay-type":"","overlay-color":"","overlay-opacity":"","overlay-gradient":""}},"ast-content-background-meta":{"desktop":{"background-color":"var(--ast-global-color-4)","background-image":"","background-repeat":"repeat","background-position":"center center","background-size":"auto","background-attachment":"scroll","background-type":"","background-media":"","overlay-type":"","overlay-color":"","overlay-opacity":"","overlay-gradient":""},"tablet":{"background-color":"var(--ast-global-color-4)","background-image":"","background-repeat":"repeat","background-position":"center center","background-size":"auto","background-attachment":"scroll","background-type":"","background-media":"","overlay-type":"","overlay-color":"","overlay-opacity":"","overlay-gradient":""},"mobile":{"background-color":"var(--ast-global-color-4)","background-image":"","background-repeat":"repeat","background-position":"center center","background-size":"auto","background-attachment":"scroll","background-type":"","background-media":"","overlay-type":"","overlay-color":"","overlay-opacity":"","overlay-gradient":""}},"footnotes":""},"class_list":["post-529","page","type-page","status-publish","hentry"],"_links":{"self":[{"href":"https:\/\/www.havteam.me\/index.php?rest_route=\/wp\/v2\/pages\/529","targetHints":{"allow":["GET"]}}],"collection":[{"href":"https:\/\/www.havteam.me\/index.php?rest_route=\/wp\/v2\/pages"}],"about":[{"href":"https:\/\/www.havteam.me\/index.php?rest_route=\/wp\/v2\/types\/page"}],"author":[{"embeddable":true,"href":"https:\/\/www.havteam.me\/index.php?rest_route=\/wp\/v2\/users\/1"}],"replies":[{"embeddable":true,"href":"https:\/\/www.havteam.me\/index.php?rest_route=%2Fwp%2Fv2%2Fcomments&post=529"}],"version-history":[{"count":173,"href":"https:\/\/www.havteam.me\/index.php?rest_route=\/wp\/v2\/pages\/529\/revisions"}],"predecessor-version":[{"id":5882,"href":"https:\/\/www.havteam.me\/index.php?rest_route=\/wp\/v2\/pages\/529\/revisions\/5882"}],"wp:attachment":[{"href":"https:\/\/www.havteam.me\/index.php?rest_route=%2Fwp%2Fv2%2Fmedia&parent=529"}],"curies":[{"name":"wp","href":"https:\/\/api.w.org\/{rel}","templated":true}]}}