{"id":3454,"date":"2025-10-03T02:30:12","date_gmt":"2025-10-03T02:30:12","guid":{"rendered":"https:\/\/havteam.me\/?page_id=3454"},"modified":"2026-04-07T08:50:22","modified_gmt":"2026-04-07T08:50:22","slug":"cach-mo-farm-token-tu-ma-token-pass","status":"publish","type":"page","link":"https:\/\/www.havteam.me\/?page_id=3454","title":{"rendered":"C\u00e1ch m\u1edf Farm Token t\u1eeb m\u00e3 Token &amp; Pass"},"content":{"rendered":"\n<h4 class=\"wp-block-heading has-text-align-center\">* C\u00e1c <strong>Farm Toke<\/strong>n khi nh\u1eadp m\u00e3 th\u00e0nh c\u00f4ng s\u1ebd l\u01b0u <strong><mark style=\"background-color:rgba(0, 0, 0, 0);color:#cf2e2e\" class=\"has-inline-color\">FILE <\/mark><\/strong>t\u1ea1i th\u01b0 m\u1ee5c <strong><mark style=\"background-color:rgba(0, 0, 0, 0);color:#f709bb\" class=\"has-inline-color\">HAV_Profile<\/mark><\/strong> trong b\u1ed9 nh\u1edb l\u01b0u tr\u1eef \u0111i\u1ec7n tho\u1ea1i<br>(X\u00f3a F\ud83e\udd8aX kh\u00f4ng \u1ea3nh h\u01b0\u1edfng g\u00ec \u0111\u1ebfn<strong><mark style=\"background-color:rgba(0, 0, 0, 0);color:#cf2e2e\" class=\"has-inline-color\"> FILE<\/mark><\/strong> Token , v\u00ec File n\u1eb1m trong b\u1ed9 nh\u1edb l\u01b0u tr\u1eef c\u1ee7a \u0110i\u1ec7n tho\u1ea1i)<\/h4>\n\n\n\n<h2 class=\"wp-block-heading has-text-align-center\">H\u01b0\u1edbng d\u1eabn s\u1eed d\u1ee5ng<\/h2>\n\n\n\n<h5 class=\"wp-block-heading has-text-align-left\">B1 . V\u00e0o F\ud83e\udd8aX &gt; Tab Token<br><br>B2 . Nh\u1ea5n \ud83d\udce5<strong><mark style=\"background-color:rgba(0, 0, 0, 0)\" class=\"has-inline-color has-ast-global-color-0-color\">M\u1edf Farm<\/mark><\/strong> copy d\u00e1n Token v\u00e0o menu <strong>\u0110\u00daNG C\u1ea4U TR\u00daC<\/strong><br><strong><mark style=\"background-color:rgba(0, 0, 0, 0);color:#cf2e2e\" class=\"has-inline-color\">T\u00ean Farm<\/mark><mark style=\"background-color:rgba(0, 0, 0, 0);color:#fcb900\" class=\"has-inline-color\">,<\/mark><mark style=\"background-color:rgba(0, 0, 0, 0)\" class=\"has-inline-color has-ast-global-color-1-color\">ID FARM<\/mark><mark style=\"background-color:rgba(0, 0, 0, 0);color:#fcb900\" class=\"has-inline-color\">,<\/mark><mark style=\"background-color:rgba(0, 0, 0, 0);color:#ff6900\" class=\"has-inline-color\">PASS<\/mark><mark style=\"background-color:rgba(0, 0, 0, 0);color:#ffffff\" class=\"has-inline-color\"> (Vi\u1ebft li\u1ec1n c\u00e1ch nhau b\u1eb1ng d\u1ea5u ph\u1ea9y)<\/mark><\/strong><br>&#8212;&#8212;&#8212;&#8212;&#8212;&#8212;&#8212;&#8212;&#8212;&#8212;&#8212;&#8212;&#8212;&#8212;&#8212;&#8212;&#8212;&#8211;<br>***<strong><mark style=\"background-color:rgba(0, 0, 0, 0);color:#fcb900\" class=\"has-inline-color\">L\u01afU \u00dd :<\/mark> th\u01b0\u1eddng ng\u01b0\u1eddi b\u00e1n \u0111\u01b0a <mark style=\"background-color:rgba(0, 0, 0, 0);color:#cf2e2e\" class=\"has-inline-color\"> KH\u00d4NG C\u00d3<\/mark> <mark style=\"background-color:rgba(0, 0, 0, 0);color:#ffffff\" class=\"has-inline-color\">T\u00ean FARM<\/mark> ch\u1ec9 c\u00f3 <strong><mark style=\"background-color:rgba(0, 0, 0, 0)\" class=\"has-inline-color has-ast-global-color-1-color\">ID FARM<\/mark><mark style=\"background-color:rgba(0, 0, 0, 0);color:#ff6900\" class=\"has-inline-color\"> <\/mark><mark style=\"background-color:rgba(0, 0, 0, 0)\" class=\"has-inline-color has-ast-global-color-2-color\">v\u00e0<\/mark><mark style=\"background-color:rgba(0, 0, 0, 0);color:#ff6900\" class=\"has-inline-color\"> PASS<\/mark><\/strong> <\/strong><br>\ud83d\udc49 <strong>C\u1ea7n th\u00eam<mark style=\"background-color:rgba(0, 0, 0, 0);color:#cf2e2e\" class=\"has-inline-color\"> <\/mark><mark style=\"background-color:rgba(0, 0, 0, 0)\" class=\"has-inline-color has-ast-global-color-2-color\">T\u00ean FARM<\/mark> \ufe60<\/strong> <strong>D\u1ea5u ph\u1ea9y<\/strong>, xem demo<\/h5>\n\n\n\n<p class=\"has-text-align-center\">&#8212;&#8212;&#8212;&#8212;&#8212;&#8212;-Token Demo&#8212;&#8212;&#8212;&#8212;&#8212;&#8212;-<\/p>\n\n\n\n<h4 class=\"wp-block-heading has-text-align-left\"><strong><mark style=\"background-color:rgba(0, 0, 0, 0)\" class=\"has-inline-color has-ast-global-color-0-color\">17-<\/mark><\/strong><mark style=\"background-color: rgba(0, 0, 0, 0);\" class=\"has-inline-color has-ast-global-color-0-color\"><strong>945269<\/strong><\/mark> <strong><mark style=\"background-color:rgba(0, 0, 0, 0);color:#ff6900\" class=\"has-inline-color\">r8jx6&#8230;&#8230;7jc8s<\/mark><\/strong> (\u274cSai)<br><strong><mark style=\"background-color:rgba(0, 0, 0, 0);color:#cf2e2e\" class=\"has-inline-color\">T\u00ean<\/mark>,<mark style=\"background-color:rgba(0, 0, 0, 0)\" class=\"has-inline-color has-ast-global-color-0-color\">17-945269<\/mark>,<mark style=\"background-color:rgba(0, 0, 0, 0);color:#ff6900\" class=\"has-inline-color\">r8jx6&#8230;.7jc8s<\/mark><\/strong> (\u2714\ufe0f\u0110\u00fang)<br>\ud83d\udc49 Th\u00eam T\u00ean Farm \ufe60 2 d\u1ea5u ph\u1ea9y (Kh\u00f4ng kho\u1ea3ng c\u00e1ch)<\/h4>\n\n\n\n<figure class=\"wp-block-image aligncenter size-full is-resized\"><img fetchpriority=\"high\" decoding=\"async\" width=\"763\" height=\"237\" src=\"https:\/\/www.havteam.me\/wp-content\/uploads\/2025\/12\/token.jpg\" alt=\"\" class=\"wp-image-4055\" style=\"aspect-ratio:3.219555614162326;width:467px;height:auto\" srcset=\"https:\/\/havteam.me\/wp-content\/uploads\/2025\/12\/token.jpg 763w, https:\/\/havteam.me\/wp-content\/uploads\/2025\/12\/token-300x93.jpg 300w, https:\/\/havteam.me\/wp-content\/uploads\/2025\/12\/token-600x186.jpg 600w\" sizes=\"(max-width: 763px) 100vw, 763px\" \/><\/figure>\n\n\n\n<div class=\"wp-block-columns is-not-stacked-on-mobile is-layout-flex wp-container-core-columns-is-layout-07b7b7eb wp-block-columns-is-layout-flex\" style=\"padding-top:0;padding-right:0;padding-bottom:0;padding-left:0\">\n<div class=\"wp-block-column is-layout-flow wp-block-column-is-layout-flow\">\n<figure class=\"wp-block-image size-full\"><img decoding=\"async\" width=\"840\" height=\"1011\" src=\"https:\/\/www.havteam.me\/wp-content\/uploads\/2025\/08\/Screenshot_20250811-171940_FX-Beta.jpg\" alt=\"\" class=\"wp-image-3000\" srcset=\"https:\/\/havteam.me\/wp-content\/uploads\/2025\/08\/Screenshot_20250811-171940_FX-Beta.jpg 840w, https:\/\/havteam.me\/wp-content\/uploads\/2025\/08\/Screenshot_20250811-171940_FX-Beta-600x722.jpg 600w, https:\/\/havteam.me\/wp-content\/uploads\/2025\/08\/Screenshot_20250811-171940_FX-Beta-64x77.jpg 64w, https:\/\/havteam.me\/wp-content\/uploads\/2025\/08\/Screenshot_20250811-171940_FX-Beta-249x300.jpg 249w, https:\/\/havteam.me\/wp-content\/uploads\/2025\/08\/Screenshot_20250811-171940_FX-Beta-768x924.jpg 768w\" sizes=\"(max-width: 840px) 100vw, 840px\" \/><figcaption class=\"wp-element-caption\">C\u00e1c Token Farm xu\u1ed1ng h\u00e0ng<\/figcaption><\/figure>\n<\/div>\n\n\n\n<div class=\"wp-block-column is-layout-flow wp-block-column-is-layout-flow\">\n<figure class=\"wp-block-image size-large\"><img decoding=\"async\" width=\"1024\" height=\"1001\" src=\"https:\/\/www.havteam.me\/wp-content\/uploads\/2025\/05\/z6570980947567_953aad984c3972dd5dea40359d03c93e-1-1024x1001.jpg\" alt=\"\" class=\"wp-image-2505\" srcset=\"https:\/\/havteam.me\/wp-content\/uploads\/2025\/05\/z6570980947567_953aad984c3972dd5dea40359d03c93e-1-1024x1001.jpg 1024w, https:\/\/havteam.me\/wp-content\/uploads\/2025\/05\/z6570980947567_953aad984c3972dd5dea40359d03c93e-1-600x586.jpg 600w, https:\/\/havteam.me\/wp-content\/uploads\/2025\/05\/z6570980947567_953aad984c3972dd5dea40359d03c93e-1-64x63.jpg 64w, https:\/\/havteam.me\/wp-content\/uploads\/2025\/05\/z6570980947567_953aad984c3972dd5dea40359d03c93e-1-300x293.jpg 300w, https:\/\/havteam.me\/wp-content\/uploads\/2025\/05\/z6570980947567_953aad984c3972dd5dea40359d03c93e-1-768x751.jpg 768w, https:\/\/havteam.me\/wp-content\/uploads\/2025\/05\/z6570980947567_953aad984c3972dd5dea40359d03c93e-1.jpg 1154w\" sizes=\"(max-width: 1024px) 100vw, 1024px\" \/><figcaption class=\"wp-element-caption\">C\u00f3 th\u1ec3 t\u1eaft \u00c2m v\u00e0 thay \u0111\u1ed5i ng\u00f4n ng\u1eef<\/figcaption><\/figure>\n<\/div>\n<\/div>\n\n\n\n<h4 class=\"wp-block-heading has-text-align-center\">&#8212;&#8212;-Nh\u1eadp nhi\u1ec1u Token c\u00f9ng l\u00fac&#8212;&#8212;&#8212;&#8212;-<\/h4>\n\n\n\n<p><strong>* <\/strong> C\u00e1c Farm tokenXU\u1ed0NG H\u00c0NG nh\u01b0 demo \ud83d\udc47<br><strong><mark style=\"background-color:rgba(0, 0, 0, 0);color:#f80606\" class=\"has-inline-color\"><strong><mark style=\"background-color:rgba(0, 0, 0, 0);color:#cf2e2e\" class=\"has-inline-color\">T\u00ean FARM<\/mark><\/strong> 1<\/mark>,<mark style=\"background-color:rgba(0, 0, 0, 0)\" class=\"has-inline-color has-ast-global-color-1-color\">IDxxxxxxx1<\/mark>,<mark style=\"background-color:rgba(0, 0, 0, 0);color:#ef520b\" class=\"has-inline-color\">Pass1&#8230;&#8230;..Token1<\/mark><\/strong><br><strong><mark style=\"background-color:rgba(0, 0, 0, 0);color:#f80606\" class=\"has-inline-color\"><strong><mark style=\"background-color:rgba(0, 0, 0, 0);color:#cf2e2e\" class=\"has-inline-color\">T\u00ean FARM<\/mark><\/strong> <\/mark><mark style=\"background-color:rgba(0, 0, 0, 0);color:#f90b0b\" class=\"has-inline-color\">2<\/mark>,<mark style=\"background-color:rgba(0, 0, 0, 0)\" class=\"has-inline-color has-ast-global-color-1-color\">IDxxxxxxx2<\/mark>,<mark style=\"background-color:rgba(0, 0, 0, 0);color:#f06e14\" class=\"has-inline-color\">Pass2&#8230;&#8230;..Token2<\/mark><\/strong><br>&#8230;.<br><strong><mark style=\"background-color:rgba(0, 0, 0, 0);color:#f80606\" class=\"has-inline-color\"><strong><mark style=\"background-color:rgba(0, 0, 0, 0);color:#cf2e2e\" class=\"has-inline-color\">T\u00ean FARM<\/mark><\/strong> <\/mark><mark style=\"background-color:rgba(0, 0, 0, 0);color:#f90b0b\" class=\"has-inline-color\">N<\/mark>,<mark style=\"background-color:rgba(0, 0, 0, 0)\" class=\"has-inline-color has-ast-global-color-1-color\">IDxxxxxxN<\/mark>,<mark style=\"background-color:rgba(0, 0, 0, 0);color:#fa6011\" class=\"has-inline-color\">PassN&#8230;&#8230;.TokenN<\/mark><\/strong><br><br><strong>B3 . Copy \u0111o\u1ea1n m\u00e3 v\u00e0o v\u00e0 nh\u1ea5n L\u01b0u<\/strong><br>B4 . Nh\u1ea5n v\u00f4<strong> &#8220;Hi\u1ec3n th\u1ecb&#8221;<\/strong> \u0111\u1ec3 hi\u1ec3n th\u1ecb Token v\u1eeba nh\u1eadp v\u00e0o<\/p>\n\n\n\n<div class=\"wp-block-columns is-not-stacked-on-mobile is-layout-flex wp-container-core-columns-is-layout-a5331a9e wp-block-columns-is-layout-flex\" style=\"padding-top:0;padding-right:0;padding-bottom:0;padding-left:0\">\n<div class=\"wp-block-column is-layout-flow wp-block-column-is-layout-flow\" style=\"flex-basis:60%\">\n<figure class=\"wp-block-image size-large\"><img loading=\"lazy\" decoding=\"async\" width=\"980\" height=\"1024\" src=\"https:\/\/www.havteam.me\/wp-content\/uploads\/2026\/04\/tokenn-980x1024.jpg\" alt=\"\" class=\"wp-image-5620\" srcset=\"https:\/\/havteam.me\/wp-content\/uploads\/2026\/04\/tokenn-980x1024.jpg 980w, https:\/\/havteam.me\/wp-content\/uploads\/2026\/04\/tokenn-287x300.jpg 287w, https:\/\/havteam.me\/wp-content\/uploads\/2026\/04\/tokenn-768x803.jpg 768w, https:\/\/havteam.me\/wp-content\/uploads\/2026\/04\/tokenn-600x627.jpg 600w, https:\/\/havteam.me\/wp-content\/uploads\/2026\/04\/tokenn.jpg 1083w\" sizes=\"(max-width: 980px) 100vw, 980px\" \/><figcaption class=\"wp-element-caption\">Demo nh\u1eadp nhi\u1ec1u Token 1 l\u1ea7n<\/figcaption><\/figure>\n<\/div>\n\n\n\n<div class=\"wp-block-column is-layout-flow wp-block-column-is-layout-flow\" style=\"flex-basis:40%\">\n<figure class=\"wp-block-image aligncenter size-full is-resized\"><img loading=\"lazy\" decoding=\"async\" width=\"840\" height=\"470\" src=\"https:\/\/www.havteam.me\/wp-content\/uploads\/2025\/11\/Screenshot_20251107-205736_FX-Pro.jpg\" alt=\"\" class=\"wp-image-3629\" style=\"width:422px;height:auto\" srcset=\"https:\/\/havteam.me\/wp-content\/uploads\/2025\/11\/Screenshot_20251107-205736_FX-Pro.jpg 840w, https:\/\/havteam.me\/wp-content\/uploads\/2025\/11\/Screenshot_20251107-205736_FX-Pro-600x336.jpg 600w, https:\/\/havteam.me\/wp-content\/uploads\/2025\/11\/Screenshot_20251107-205736_FX-Pro-64x36.jpg 64w, https:\/\/havteam.me\/wp-content\/uploads\/2025\/11\/Screenshot_20251107-205736_FX-Pro-300x168.jpg 300w, https:\/\/havteam.me\/wp-content\/uploads\/2025\/11\/Screenshot_20251107-205736_FX-Pro-768x430.jpg 768w\" sizes=\"(max-width: 840px) 100vw, 840px\" \/><\/figure>\n<\/div>\n<\/div>\n\n\n\n<figure class=\"wp-block-embed is-type-video is-provider-youtube wp-block-embed-youtube wp-embed-aspect-4-3 wp-has-aspect-ratio\"><div class=\"wp-block-embed__wrapper\">\n<iframe title=\"Add multiple Token FARM at once.\" width=\"500\" height=\"375\" src=\"https:\/\/www.youtube.com\/embed\/vWFyvDLb3OY?feature=oembed\" frameborder=\"0\" allow=\"accelerometer; autoplay; clipboard-write; encrypted-media; gyroscope; picture-in-picture; web-share\" referrerpolicy=\"strict-origin-when-cross-origin\" allowfullscreen><\/iframe>\n<\/div><\/figure>\n\n\n\n<div class=\"wp-block-columns is-not-stacked-on-mobile is-layout-flex wp-container-core-columns-is-layout-28f84493 wp-block-columns-is-layout-flex\">\n<div class=\"wp-block-column is-layout-flow wp-block-column-is-layout-flow\" style=\"flex-basis:50%\">\n<figure class=\"wp-block-embed is-type-video is-provider-youtube wp-block-embed-youtube wp-embed-aspect-4-3 wp-has-aspect-ratio\"><div class=\"wp-block-embed__wrapper\">\n<iframe title=\"Input TOKEN Farm (FOX Pro)\" width=\"500\" height=\"375\" src=\"https:\/\/www.youtube.com\/embed\/PYK_UiJ0aDo?feature=oembed\" frameborder=\"0\" allow=\"accelerometer; autoplay; clipboard-write; encrypted-media; gyroscope; picture-in-picture; web-share\" referrerpolicy=\"strict-origin-when-cross-origin\" allowfullscreen><\/iframe>\n<\/div><figcaption class=\"wp-element-caption\">C\u00e1ch nh\u1eadp Farm token tr\u00ean FOX Pro<\/figcaption><\/figure>\n<\/div>\n\n\n\n<div class=\"wp-block-column is-layout-flow wp-block-column-is-layout-flow\" style=\"flex-basis:50%\">\n<figure class=\"wp-block-embed is-type-video is-provider-youtube wp-block-embed-youtube wp-embed-aspect-4-3 wp-has-aspect-ratio\"><div class=\"wp-block-embed__wrapper\">\n<iframe title=\"Open Farm Token on F\ud83e\udd8aX\" width=\"422\" height=\"750\" src=\"https:\/\/www.youtube.com\/embed\/AtyrQyx3SVs?feature=oembed\" frameborder=\"0\" allow=\"accelerometer; autoplay; clipboard-write; encrypted-media; gyroscope; picture-in-picture; web-share\" referrerpolicy=\"strict-origin-when-cross-origin\" allowfullscreen><\/iframe>\n<\/div><figcaption class=\"wp-element-caption\">C\u00e1ch nh\u1eadp Farm token tr\u00ean FOX<\/figcaption><\/figure>\n<\/div>\n<\/div>\n","protected":false},"excerpt":{"rendered":"<p>* C\u00e1c Farm Token khi nh\u1eadp m\u00e3 th\u00e0nh c\u00f4ng s\u1ebd l\u01b0u FILE t\u1ea1i th\u01b0 m\u1ee5c HAV_Profile trong b\u1ed9 nh\u1edb l\u01b0u [&hellip;]<\/p>\n","protected":false},"author":1,"featured_media":0,"parent":0,"menu_order":0,"comment_status":"closed","ping_status":"closed","template":"","meta":{"site-sidebar-layout":"default","site-content-layout":"","ast-site-content-layout":"","site-content-style":"default","site-sidebar-style":"default","ast-global-header-display":"","ast-banner-title-visibility":"","ast-main-header-display":"","ast-hfb-above-header-display":"","ast-hfb-below-header-display":"","ast-hfb-mobile-header-display":"","site-post-title":"","ast-breadcrumbs-content":"","ast-featured-img":"","footer-sml-layout":"","ast-disable-related-posts":"","theme-transparent-header-meta":"","adv-header-id-meta":"","stick-header-meta":"","header-above-stick-meta":"","header-main-stick-meta":"","header-below-stick-meta":"","astra-migrate-meta-layouts":"default","ast-page-background-enabled":"default","ast-page-background-meta":{"desktop":{"background-color":"var(--ast-global-color-5)","background-image":"","background-repeat":"repeat","background-position":"center center","background-size":"auto","background-attachment":"scroll","background-type":"","background-media":"","overlay-type":"","overlay-color":"","overlay-opacity":"","overlay-gradient":""},"tablet":{"background-color":"","background-image":"","background-repeat":"repeat","background-position":"center center","background-size":"auto","background-attachment":"scroll","background-type":"","background-media":"","overlay-type":"","overlay-color":"","overlay-opacity":"","overlay-gradient":""},"mobile":{"background-color":"","background-image":"","background-repeat":"repeat","background-position":"center center","background-size":"auto","background-attachment":"scroll","background-type":"","background-media":"","overlay-type":"","overlay-color":"","overlay-opacity":"","overlay-gradient":""}},"ast-content-background-meta":{"desktop":{"background-color":"var(--ast-global-color-4)","background-image":"","background-repeat":"repeat","background-position":"center center","background-size":"auto","background-attachment":"scroll","background-type":"","background-media":"","overlay-type":"","overlay-color":"","overlay-opacity":"","overlay-gradient":""},"tablet":{"background-color":"var(--ast-global-color-4)","background-image":"","background-repeat":"repeat","background-position":"center center","background-size":"auto","background-attachment":"scroll","background-type":"","background-media":"","overlay-type":"","overlay-color":"","overlay-opacity":"","overlay-gradient":""},"mobile":{"background-color":"var(--ast-global-color-4)","background-image":"","background-repeat":"repeat","background-position":"center center","background-size":"auto","background-attachment":"scroll","background-type":"","background-media":"","overlay-type":"","overlay-color":"","overlay-opacity":"","overlay-gradient":""}},"footnotes":""},"class_list":["post-3454","page","type-page","status-publish","hentry"],"_links":{"self":[{"href":"https:\/\/www.havteam.me\/index.php?rest_route=\/wp\/v2\/pages\/3454","targetHints":{"allow":["GET"]}}],"collection":[{"href":"https:\/\/www.havteam.me\/index.php?rest_route=\/wp\/v2\/pages"}],"about":[{"href":"https:\/\/www.havteam.me\/index.php?rest_route=\/wp\/v2\/types\/page"}],"author":[{"embeddable":true,"href":"https:\/\/www.havteam.me\/index.php?rest_route=\/wp\/v2\/users\/1"}],"replies":[{"embeddable":true,"href":"https:\/\/www.havteam.me\/index.php?rest_route=%2Fwp%2Fv2%2Fcomments&post=3454"}],"version-history":[{"count":13,"href":"https:\/\/www.havteam.me\/index.php?rest_route=\/wp\/v2\/pages\/3454\/revisions"}],"predecessor-version":[{"id":5627,"href":"https:\/\/www.havteam.me\/index.php?rest_route=\/wp\/v2\/pages\/3454\/revisions\/5627"}],"wp:attachment":[{"href":"https:\/\/www.havteam.me\/index.php?rest_route=%2Fwp%2Fv2%2Fmedia&parent=3454"}],"curies":[{"name":"wp","href":"https:\/\/api.w.org\/{rel}","templated":true}]}}